o - (-2 + 3)/1. Suppose 3*a - a - 8 = z. List the prime factors of a.
2
Let r(m) = m**2 + 2*m - 5. Suppose 7*o = 3*o + 2*u - 18, -2*o - u = 15. List the prime factors of r(o).
19
Suppose -z = 3*z + 3*g - 44, -3*z + 33 = 3*g. List the prime factors of z.
11
Suppose 2*y - 5*m - 84 = -y, 3*y = 2*m + 84. Suppose -5*x = -14 - 66. Let d = y - x. What are the prime factors of d?
2, 3
Suppose -2*z - 24 = -6*z. What are the prime factors of z?
2, 3
Let n be (-122)/14 + 2/(-7). Let i(k) = -k - 4. List the prime factors of i(n).
5
List the prime factors of (-212)/(-12)*(1 - -2).
53
Suppose d + 9 = -3*m, 2*m + m + 6 = -2*d. List the prime factors of (d/(-3))/(-1) + 1.
2
Let s = -17 - -79. List the prime factors of s.
2, 31
Suppose -7*z + 15 = -2*z. Suppose -z*g + 24 = g. Let t = g - -1. List the prime factors of t.
7
Let i(d) be the second derivative of -d**5/20 - 7*d**4/12 + d**3 + d**2 + 5*d. List the prime factors of i(-8).
2, 3
Let f = 15 - 8. Suppose -2*h = -f*h + 45. What are the prime factors of h?
3
Suppose 0 = -x - 4*a - 6, -3*x + a = -2*x + 1. Suppose h + 2*h = 5*q, 2*h = -2*q. What are the prime factors of (x - h)*7/(-2)?
7
Suppose 59 = 5*r - 116. Suppose -n = 3*b - 46, n + r = 5*b - 31. What are the prime factors of b?
2, 7
Let k(x) = -x**2 + 10*x - 7. Let q be k(7). Let z = -9 + q. What are the prime factors of z?
5
Let x(h) = 3 - 17*h - 3 + h - 1. What are the prime factors of x(-1)?
3, 5
Let v(a) = -20*a**3 + 2*a**2 + a. List the prime factors of v(-1).
3, 7
Let t = 51 + -24. Suppose 3*f - 2*f + t = 5*d, 27 = 2*d + 5*f. Suppose 0 = -2*c - 2 + d. What are the prime factors of c?
2
Suppose 15 + 21 = -2*m. List the prime factors of (-4)/m - 534/(-27).
2, 5
Let n(o) = o**3 + 3*o**2 - 2*o - 1. Let g be n(-3). Suppose -35 = -0*z + g*z. Let u(c) = -c + 1. List the prime factors of u(z).
2
Let j = -2 - -33. Let h be (-49)/4 - 4/(-16). Let r = j + h. List the prime factors of r.
19
Let x(h) = h**3 - 9*h**2 - h + 12. Let v be x(9). Let i be (-3 - -5) + -1 + v. Suppose -i = -u - z, z + 3 = u - 1. List the prime factors of u.
2
Suppose 13 + 1 = -2*s. Let q = 13 + s. List the prime factors of q.
2, 3
Let c(y) = y + 2. Let u = 8 - 6. Let h = 4 - u. List the prime factors of c(h).
2
Suppose -2*d = -d + 9. Let y = d - -13. Suppose -10 = -y*w + 26. What are the prime factors of w?
3
Suppose 15 = -2*w - w. Let o(p) = -p**2 - 6*p - 2. Let q be o(w). What are the prime factors of (9 - 1) + 3/q?
3
Suppose 2*q + 0*q = -5*m + 20, 0 = -4*m + 4*q + 16. Suppose m - 28 = -2*z. What are the prime factors of ((-4)/6)/((-2)/z)?
2
Suppose -d + 153 = 2*d. What are the prime factors of d?
3, 17
Suppose 5*y + 0 + 316 = 3*l, 92 = l + y. What are the prime factors of l?
97
Let p = -61 + 92. What are the prime factors of p?
31
Let k be (6*-4)/(-3) + -3. Suppose -k - 8 = -w. List the prime factors of w.
13
Let f be (-1 - -1)/(6/3). Suppose -3*o + 3 = u, -3*u + 2*o + 2*o + 9 = f. What are the prime factors of u?
3
Let z(o) = 2*o**2 + 4*o - 16. What are the prime factors of z(7)?
2, 5, 11
What are the prime factors of ((-14)/8)/(4/(-96))?
2, 3, 7
What are the prime factors of (15 + 0)*(1 + 1/(-3))?
2, 5
Let u = 790 - 552. List the prime factors of u.
2, 7, 17
Let j(i) be the first derivative of 3*i - 3*i**2 - 3 - 1/3*i**3. List the prime factors of j(-6).
3
Let l be 80/36 + (-4)/18. Suppose -3*v + 110 = v - l*s, -2*v + 3*s + 57 = 0. List the prime factors of v.
3
Let x = 3 - 3. Suppose 2*k + t - 3 = x, 4 = -t + 1. List the prime factors of k.
3
Let t(m) = -3*m - 6. Let n be t(-5). Let i be 1/3 - 3/n. Suppose -5*g - 12 = -i*w + 4*w, -3*w + 2*g = -14. What are the prime factors of w?
2
Suppose 0 = -o, 3*o = -v + 7*o + 2. Let l = v - 0. List the prime factors of l.
2
Suppose -o - 1 + 26 = 0. Let q = 6 - o. Let t = q - -33. List the prime factors of t.
2, 7
Let u = 86 - 53. List the prime factors of u.
3, 11
List the prime factors of 1/(-1 - 1 - 468/(-232)).
2, 29
Let v = 32 - 70. Let b = 74 + v. List the prime factors of b.
2, 3
Suppose -2*a + 538 - 178 = 0. List the prime factors of a.
2, 3, 5
Let u(a) = -a + 1. Let n(i) = i**3 - 13*i**2 - i + 4. Let h be n(13). List the prime factors of u(h).
2, 5
Let n = -3 + 3. Let w be 1 + -3*2 + n. List the prime factors of w + 5 - (0 - 6).
2, 3
Let f = -82 - -149. List the prime factors of f.
67
Let a = 12 - -7. What are the prime factors of a?
19
Let u(r) = 2*r**2 - r - 69. Let j be u(0). Let b = -45 - j. What are the prime factors of b?
2, 3
Let h = 37 - 20. Let q = -7 + h. List the prime factors of q.
2, 5
Suppose -2*g + 261 = g. List the prime factors of g.
3, 29
Let k be ((-15)/(-6))/(-5)*68. Let j = k - -52. What are the prime factors of j?
2, 3
Suppose -l + 79 + 272 = 0. List the prime factors of l.
3, 13
Let a(s) = -s**2 - 10*s. Let f be a(-10). Suppose f*z + 5*z - 5*n = 180, -3*z = -2*n - 107. List the prime factors of z.
5, 7
Let u(i) be the second derivative of i**5/20 - i**4/4 - i**2 + 2*i. Let v be u(3). Let c = 11 - v. What are the prime factors of c?
13
Let b(m) = m**3 + 10*m**2 + 6*m + 6. List the prime factors of b(-7).
3, 37
Let o = -7 - -14. Let r = o + -3. What are the prime factors of r?
2
Let z(m) = -m**3 + 11*m**2 - 13*m + 3. Let u be z(10). Suppose -b = -3*b - 96. List the prime factors of b/u - (-2)/9.
2
Let v be 0/(3 - 6)*-1. Let m(w) = 2*w - 4. Let t be m(3). Suppose -t*f - 1 + 17 = v. List the prime factors of f.
2
Let o = 73 - -64. List the prime factors of o.
137
Let q = 2 - -1. Suppose q*d + 8 = 4*d. What are the prime factors of d?
2
What are the prime factors of 34 - -3*(-4)/(-12)?
5, 7
Let y be ((-32)/6)/((-2)/(-6)). Let x = y + 23. What are the prime factors of x?
7
Let p(f) = f**3 + 11*f**2 - 15*f + 12. What are the prime factors of p(-11)?
3, 59
Suppose -36 = -3*f + 21. Let h = f - 4. Suppose h = 5*w + 5*u, 3*w - 8 = 4*u + 1. List the prime factors of w.
3
List the prime factors of -6*124/(-12) + 0 + 0.
2, 31
What are the prime factors of ((-1)/((-2)/(-40)))/(-2)?
2, 5
Suppose -b - 5*w = -3*b + 82, 2*w = -8. What are the prime factors of b?
31
Let v be ((-3)/(-3))/1 - 3. Let r = 4 - v. List the prime factors of (r/4)/(3/16).
2
Let g(b) = b**3 - 8*b**2 + 7*b + 4. List the prime factors of g(7).
2
Let r(k) = -k + 4. Suppose -2*t = 8, -a = -2*a - t + 5. Suppose 0 = h - 2*q + a, -3*h - 5*q - 19 = -3*q. What are the prime factors of r(h)?
11
Let t(l) = l**3 - 6*l**2 - 3. Let j be t(6). What are the prime factors of (-13)/(-1) - (-2 - j)?
2, 3
Let h(g) = g**3 - 6*g**2 - 2*g + 8. Let i be h(6). Let v = i + 9. Suppose -13 = -v*k + 42. List the prime factors of k.
11
Suppose 3*v + 8 = -v. List the prime factors of 6/4 + (-31)/v.
17
What are the prime factors of ((-3 - -1) + 1)*-9?
3
Suppose -6*k + 358 = -56. List the prime factors of k.
3, 23
Let i be (-7)/((-84)/(-40))*-9. Suppose -2*g + 24 = 4*x, 5*x = -0*x - 5*g + i. What are the prime factors of x?
2, 3
Let u = 41 - 20. What are the prime factors of u?
3, 7
Let i(s) = -s**3 + 5*s**2 + 7*s - 1. Let b be i(6). Let t(q) = 3 - 1 - 4*q + b*q. What are the prime factors of t(5)?
7
Let x = -121 + 185. List the prime factors of x.
2
Let l(k) = 2*k**2 - 4*k + 2. Let g be l(-4). What are the prime factors of 6/18 + g/3?
17
Suppose 0*f = 2*f - 14. Suppose 2*g - f + 1 = 0. What are the prime factors of g?
3
Suppose 3*n = -n + 200. Let w = n - 8. Suppose 18 = 5*f - w. What are the prime factors of f?
2, 3
Let x be (6/15)/((-1)/(-65)). Let w(s) = s**3 + 2*s**2 - 1. Let g be w(1). Suppose -g*p - x = -3*h, -3*h - 3*p + 34 = -p. What are the prime factors of h?
2, 5
Let h(x) = x**3 - x**2 + x - 1. Let k be h(1). Let f be k/(2*(-3)/6). Suppose 3*i = -4*a + 13, -5*a + 6 - 1 = f. What are the prime factors of i?
3
Suppose 5*x - 99 = -3*s, x = 2*x + 2*s - 17. What are the prime factors of x?
3, 7
Let v be -2 - (2*-1 + -1). Suppose 0 = -3*z + v + 11. Suppose 34 = 5*q + z. List the prime factors of q.
2, 3
Let v = 32 + -24. List the prime factors of v.
2
List the prime factors of 314/13 - 28/182.
2, 3
Let y(q) = 2*q**2 + 2*q - 1. Let v = -4 + 1. List the prime factors of y(v).
11
Suppose -4*f - 47 = -199. What are the prime factors of f?
2, 19
Suppose -36 = -4*s - 4*a, 0 = -4*s + 6*s - 4*a - 48. List the prime factors of s.
2, 7
Suppose -x = -5*x + 28. Suppose -6*o = -x*o - 1. L